-13).
0
Let f(s) = s**3 + 33*s**2 - 1504*s - 46130. Calculate f(-43).
52
Let u(k) = -k**2 + 1271*k - 48022. Give u(39).
26
Let h(m) = -17*m**2 + 107*m + 1132. Determine h(-5).
172
Let g(m) = -21*m**2 + 1677*m - 2999. What is g(78)?
43
Let o(w) = 2321*w - 25608. Give o(11).
-77
Let x(h) = -500*h + 45539. Give x(91).
39
Let h(c) = 478*c**2 - 2340*c - 240. Give h(5).
10
Let x(g) = -100*g + 416. Give x(16).
-1184
Let q(p) = -p**3 - 47*p**2 + 2966*p + 709. Calculate q(36).
-83
Let v(r) = -2*r**2 - 1617*r + 214463. Calculate v(116).
-21
Let r(k) = 1037*k**2 - 52885*k - 34. Give r(51).
68
Let f(k) = 2*k**3 + 207*k**2 + 894*k + 222. What is f(-99)?
-75
Let z(r) = -16369*r + 1751473. Give z(107).
-10
Let l(a) = 5*a**3 + 183*a**2 + 1513*a + 3. Calculate l(-24).
-21
Let s(r) = -r**3 - 103*r**2 - 488*r + 533. Give s(-98).
337
Let q(l) = -79*l - 6221. Determine q(-79).
20
Let o(z) = 108073*z + 17723978. What is o(-164)?
6
Let a(l) = l**3 - 8*l**2 + 1941*l - 23304. Calculate a(12).
564
Let s(u) = -u**2 + 1505*u - 251795. Calculate s(192).
301
Let c(u) = -u**3 - 228*u**2 + 1625*u - 4762. Determine c(-235).
-62
Let p(u) = 3*u**3 + 130*u**2 - 248*u - 147. What is p(-45)?
888
Let z(v) = 450*v + 9527. Calculate z(-21).
77
Let w(f) = 101810*f - 203603. Calculate w(2).
17
Let o(d) = -7*d**3 + 888*d**2 + 127*d - 38. Give o(127).
-38
Let d(l) = -l**2 + 53*l - 841. Give d(15).
-271
Let v(s) = -394*s + 10759. Calculate v(27).
121
Let m(t) = -4*t**2 - 1111*t - 8366. What is m(-270)?
4
Let r(w) = w**2 + 186*w + 8110. Calculate r(-119).
137
Let r(t) = -t**3 + 81*t**2 - 138*t - 1511. Determine r(79).
69
Let q(b) = -15*b**3 + 193*b**2 + 119*b - 1219. Calculate q(13).
-10
Let o(u) = -132*u - 10282. What is o(-80)?
278
Let j(b) = -682537*b + 1365132. Calculate j(2).
58
Let q(o) = -o**2 - 52602*o + 4161799. Determine q(79).
0
Let o(v) = -240*v + 2352. Determine o(14).
-1008
Let c(d) = 23966*d**2 + 47186*d + 4. Calculate c(-2).
1496
Let r(l) = -158430*l + 792031. Give r(5).
-119
Let t(w) = -w**3 - 655*w**2 - 106201*w - 283. Give t(-295).
12
Let x(k) = 2619*k + 83908. Give x(-32).
100
Let s(n) = -n**3 - 16*n**2 + 12472*n + 891. What is s(104)?
59
Let g(s) = -2*s**3 - 94*s**2 + 150*s + 2091. Determine g(-48).
-501
Let s(k) = -2529*k + 288182. Determine s(114).
-124
Let s(v) = 2104*v + 395567. What is s(-188)?
15
Let t(d) = -1388*d - 24098. Determine t(-18).
886
Let z(c) = 27*c**2 + 192*c + 1095. What is z(-6)?
915
Let l(f) = -f**3 + 76*f**2 + 477*f + 377. Determine l(82).
-853
Let u(n) = n**3 - 250*n**2 + 1033*n - 10899. Calculate u(246).
1155
Let r(z) = z**2 - 2063*z + 709367. Determine r(436).
-5
Let v(n) = n**3 - 62*n**2 - 100*n + 2355. Give v(63).
24
Let r(u) = 721*u**3 + 199*u**2 - 243*u + 45. Determine r(1).
722
Let v(t) = 5*t**3 - 677*t**2 + 3*t - 28. What is v(0)?
-28
Let y(q) = -q**3 + 22*q**2 - 5*q + 20. Calculate y(11).
1296
Let t(a) = -73264*a - 146503. Calculate t(-2).
25
Let q(t) = 141*t - 17929. What is q(127)?
-22
Let a(b) = -1312*b - 373072. What is a(-284)?
-464
Let j(c) = -33097*c + 860526. Give j(26).
4
Let d(y) = 3*y**3 - 20*y**2 + 45*y + 17. Determine d(6).
215
Let s(g) = 187*g - 7005. Calculate s(39).
288
Let s(i) = i**3 + 26*i**2 + 616*i + 4162. Calculate s(-9).
-5
Let l(a) = -19*a**3 + 628*a**2 + 2507*a + 2. Calculate l(-4).
1238
Let u(d) = -2534*d + 12645. What is u(5)?
-25
Let p(d) = -12*d**2 + 1438*d + 233. Calculate p(120).
-7
Let i(r) = -r**2 + 1142*r + 11425. Give i(-10).
-95
Let v(p) = 2*p**2 - 36*p - 40151. What is v(151)?
15
Let d(t) = -4*t**3 + 4*t**2 + 32*t + 26. Give d(-4).
218
Let z(g) = -3*g**2 - 25684*g + 51370. Determine z(2).
-10
Let g(t) = 9*t**2 - 276*t - 6063. Give g(-15).
102
Let o(v) = v**2 - 140*v + 4535. What is o(88)?
-41
Let y(r) = -28*r**2 + 3007*r - 4168. Give y(106).
-34
Let z(n) = 4*n**2 - 2191*n + 213438. What is z(421)?
-9
Let g(q) = 29132*q + 87331. What is g(-3)?
-65
Let l(w) = -4695*w**2 - 14099*w - 17. Calculate l(-3).
25
Let m(s) = 3*s**3 - 113*s**2 - 851*s + 672. Calculate m(44).
12
Let t(x) = 4*x**3 - 43*x**2 + 111*x + 41. What is t(6)?
23
Let p(u) = 13028*u - 807738. Determine p(62).
-2
Let l(p) = 7*p**3 - 386*p**2 + 150*p - 5231. Calculate l(55).
-6
Let t(v) = -1362*v + 38191. Calculate t(28).
55
Let j(z) = 4*z**2 - 125*z + 489. Calculate j(27).
30
Let j(m) = 1119*m - 57098. Give j(51).
-29
Let c(n) = -n**2 - 68*n - 1196. Calculate c(-22).
-184
Let v(r) = -6*r**2 - 338*r - 4550. Determine v(-34).
6
Let a(k) = -k**2 + 988*k + 17100. What is a(-17)?
15
Let k(b) = -4*b**2 + 1471*b - 4032. Determine k(365).
-17
Let g(u) = u**3 - 28*u**2 + 1826*u + 3772. Determine g(-2).
0
Let o(y) = -10*y - 4009. Determine o(-397).
-39
Let s(k) = -1797*k - 758328. Calculate s(-422).
6
Let m(j) = 1284*j - 28988. Calculate m(23).
544
Let n(y) = 2068*y + 121939. What is n(-59)?
-73
Let t(z) = 12329*z - 74015. What is t(6)?
-41
Let n(c) = -32195*c - 997973. Give n(-31).
72
Let l(n) = 42*n**2 + 8435*n - 1283. What is l(-201)?
124
Let h(f) = f**3 + 850*f**2 + 175843*f - 10369. Determine h(-494).
5
Let o(d) = d**3 - 2*d**2 + 98*d - 126. What is o(0)?
-126
Let j(k) = 2*k**3 - 223*k + 463. Determine j(2).
33
Let b(l) = 220*l + 6825. Give b(-29).
445
Let x(d) = -5621*d - 134024. What is x(-24)?
880
Let x(k) = -k**3 + 1846*k**2 - 66820*k - 4187. What is x(37)?
-6
Let x(j) = j**3 + 70*j**2 - 2049*j + 548. Give x(22).
-2
Let v(h) = -22*h**2 + 897*h - 2312. Calculate v(38).
6
Let w(q) = q**3 + 745*q**2 - 4506*q - 22. What is w(-751)?
-22
Let l(m) = -m**2 + 13765*m - 206246. Calculate l(15).
4
Let q(w) = 18*w**3 + 934*w**2 + 6953*w + 3145. Calculate q(-43).
6
Let z(j) = -2*j**3 - 155*j**2 - 197*j - 9888. What is z(-77)?
-648
Let z(b) = -b**3 - 24*b**2 + 392*b + 9685. Give z(-27).
1288
Let q(f) = 14*f**2 + 1105*f + 3120. What is q(-76)?
4
Let j(f) = -3307*f**2 + 314*f + 5. Calculate j(-1).
-3616
Let r(s) = -937*s - 42431. What is r(-45)?
-266
Let q(d) = 2*d**2 + 3827*d - 73437. What is q(19)?
-2
Let x(j) = -4866*j - 141122. Give x(-29).
-8
Let c(n) = -n**2 + 304*n + 7022. What is c(326)?
-150
Let u(a) = -3*a**2 - 151*a + 435. Determine u(3).
-45
Let l(w) = -5*w**3 - 1156*w**2 - 2296*w - 4. Determine l(-2).
4
Let s(p) = 57*p**2 - 933*p + 22. Give s(17).
634
Let o(v) = -2*v**2 - 330*v + 11231. Calculate o(-194).
-21
Let a(o) = 302*o**2 + 3883*o - 170. Give a(-13).
389
Let c(f) = -8*f + 317. Give c(-24).
509
Let x(k) = 7*k**2 - 2824*k + 12377. Calculate x(399).
8
Let z(p) = 10*p**3 + 24*p**2 - 610*p + 39. What is z(8)?
1815
Let f(n) = n**3 + 367*n**2 + 813*n + 298369. Calculate f(-367).
-2
Let d(j) = -120014*j - 4680524. Determine d(-39).
22
Let a(s) = 511*s - 5619. Calculate a(13).
1024
Let a(d) = 26*d**2 - 2184*d - 2184. What is a(85)?
26
Let q(j) = -20*j**2 + 282*j - 1024. Calculate q(6).
-52
Let k(j) = 296*j - 11585. What is k(38)?
-337
Let u(s) = -4*s**3 + 779*s**2 + 167*s + 5594. Give u(195).
134
Let l(u) = -8*u + 558. Calculate l(26).
350
Let y(c) = 62688*c - 4388183. Give y(70).
-23
Let x(f) = -3*f**2 + 181*f - 150. Determine x(67).
-1490
Let r(p) = 6*p**2 - 192*p + 1208. Give r(19).
-274
Let k(l) = -2*l**3 + 38*l**2 + 169*l + 211. Determine k(23).
-134
Let h(r) = -6894*r + 117205. Determine h(17).
7
Let s(p) = 8*p**2 - 270*p - 777. What is s(-3)?
105
Let q(w) = 3*w**3 - 353*w**2 + 542*w + 4373. What is q(116)?
-35
Let y(u) = u**2 + 331*u + 25993. Give y(-203).
9
Let b(i) = 2*i**2 - 110*i - 512. What is b(31)?
-2000
Let p(f) = f**3 + 56*f**2 + 33*f - 9. Determine p(0).
-9
Let u(r) = 256*r + 316. What is u(-6)?
-1220
Let f(p) = p**3 + 15*p**2 + 45*p + 12. Determine f(-12).
-96
Let s(d) = -d**3 + 65*d**2 - 188*d - 623. Determine s(62).
-747
Let t(a) = -2*a**2 + 173*a + 575. What is t(90)?
-55
Let i(p) = -5*p**3 - 920*p**2 - 885*p + 5395. Give i(-183).
-95
Let w(x) = 3*x**3 + 255*x**2 + 252*x - 40. Calculate w(-84).
-40
Let f(d) = -29878*d - 59748. Determine f(-2).
8
Let y(u) = -3826*u + 321527. What is y(84)?
143
Let v(m) = 228*m + 62656. What is v(-281)?
-1412
Let n(p) = -15076*p - 603026. Give n(-40).
14
Let b(c) = 941*c + 1881. Determine b(-2).
-1
Let x(f) = -2*f**3 - 25*f**2 - 34*f + 223. What is x(-5)?
18
Let y(t) = 2*t**3 + 21*t**2 + 26*t - 94. What is y(-6)?
74
Let z(h) = -h**2 - 8*h + 40317. Determine z(-205).
-68
Let j(x) = -x**3 - 9